{"id":27,"date":"2022-07-27T18:47:10","date_gmt":"2022-07-27T21:47:10","guid":{"rendered":"https:\/\/cirs.fcecon.unr.edu.ar\/?page_id=27"},"modified":"2022-09-08T09:53:25","modified_gmt":"2022-09-08T12:53:25","slug":"comite-cientifico","status":"publish","type":"page","link":"https:\/\/cirs.fcecon.unr.edu.ar\/?page_id=27","title":{"rendered":"Comit\u00e9 cient\u00edfico"},"content":{"rendered":"\n<ul class=\"wp-block-list\"><li><strong>Dr. Jos\u00e9 Moneva Abadia<\/strong><\/li><li><strong>Dra. Mar\u00eda Isabel S\u00e1nchez<\/strong><\/li><li><strong>Dr. Juan Pablo del Barco<\/strong><\/li><li><strong>Dr. Luis Jara Sarr\u00faa<\/strong><\/li><li><strong>Dr. Julio Hern\u00e1ndez Pajares<\/strong><\/li><li><strong>Mg. Jorge Alberto Aimaretti<\/strong><\/li><li><strong>CP. Eduardo Ingaramo<\/strong><\/li><li><strong>Dr. Sergio Miguel Hauque<\/strong><\/li><li><strong>Dr. Fernando Miguel Seabra<\/strong><\/li><li><strong>Dr. Remy Balarezo N\u00fa\u00f1ez<\/strong><\/li><\/ul>\n","protected":false},"excerpt":{"rendered":"<p>Dr. Jos\u00e9 Moneva Abadia Dra. Mar\u00eda Isabel S\u00e1nchez Dr. Juan Pablo del Barco Dr. Luis Jara Sarr\u00faa Dr. Julio Hern\u00e1ndez Pajares Mg. Jorge Alberto Aimaretti CP. Eduardo Ingaramo Dr. Sergio Miguel Hauque Dr. Fernando Miguel Seabra Dr. Remy Balarezo N\u00fa\u00f1ez<\/p>\n","protected":false},"author":2,"featured_media":0,"parent":0,"menu_order":4,"comment_status":"closed","ping_status":"closed","template":"","meta":{"footnotes":""},"class_list":["post-27","page","type-page","status-publish","hentry"],"_links":{"self":[{"href":"https:\/\/cirs.fcecon.unr.edu.ar\/index.php?rest_route=\/wp\/v2\/pages\/27","targetHints":{"allow":["GET"]}}],"collection":[{"href":"https:\/\/cirs.fcecon.unr.edu.ar\/index.php?rest_route=\/wp\/v2\/pages"}],"about":[{"href":"https:\/\/cirs.fcecon.unr.edu.ar\/index.php?rest_route=\/wp\/v2\/types\/page"}],"author":[{"embeddable":true,"href":"https:\/\/cirs.fcecon.unr.edu.ar\/index.php?rest_route=\/wp\/v2\/users\/2"}],"replies":[{"embeddable":true,"href":"https:\/\/cirs.fcecon.unr.edu.ar\/index.php?rest_route=%2Fwp%2Fv2%2Fcomments&post=27"}],"version-history":[{"count":6,"href":"https:\/\/cirs.fcecon.unr.edu.ar\/index.php?rest_route=\/wp\/v2\/pages\/27\/revisions"}],"predecessor-version":[{"id":145,"href":"https:\/\/cirs.fcecon.unr.edu.ar\/index.php?rest_route=\/wp\/v2\/pages\/27\/revisions\/145"}],"wp:attachment":[{"href":"https:\/\/cirs.fcecon.unr.edu.ar\/index.php?rest_route=%2Fwp%2Fv2%2Fmedia&parent=27"}],"curies":[{"name":"wp","href":"https:\/\/api.w.org\/{rel}","templated":true}]}}